?
5
Let i = 54 - -21. List the prime factors of i.
3, 5
Let f(m) = m**2 - 7*m + 4. Let q be f(6). Let i = q - -4. Suppose 0 = -i*o + o + 11. What are the prime factors of o?
11
Suppose -2*t = -0*t. Let o be (1/2)/((-3)/(-30)). Suppose 0 = 3*s - 5*j - o, -3*s - 3*j + t*j + 45 = 0. What are the prime factors of s?
2, 5
Let u(w) = -5*w + 23. Let k(l) = -2*l + 11. Let p(q) = 7*k(q) - 3*u(q). Let t be p(-10). List the prime factors of ((-1)/t)/((-1)/(-10)).
5
Let b = -2 - -18. List the prime factors of b.
2
Let j = 50 + -44. What are the prime factors of j?
2, 3
Suppose -4*b - 5*r + 15 - 6 = 0, -3*r = -3. Let o(x) = -1 - 4*x**2 + 9*x**2 + 5*x**2. What are the prime factors of o(b)?
3
Suppose -6*x + 1561 = -29. What are the prime factors of x?
5, 53
Suppose -4*u = 3*t - 20 + 4, 2*t - 2*u - 6 = 0. List the prime factors of t.
2
Let t(x) = -3*x - 17. What are the prime factors of t(-12)?
19
Suppose 9*y = 12*y - 285. What are the prime factors of y?
5, 19
Let y = -102 - -252. What are the prime factors of y?
2, 3, 5
Let f be (-45)/(-25) - (-1)/5. Let q(y) = 2*y**2 + y + 2. List the prime factors of q(f).
2, 3
Suppose -153 = -2*k - p, 0*k + 363 = 5*k - 4*p. What are the prime factors of k?
3, 5
List the prime factors of -1*-103*(-3 + 4).
103
Let w = 84 - -49. List the prime factors of w.
7, 19
Let x = 23 + -12. Suppose -3*a + 2 = x. List the prime factors of -4 + a/(-1) - -11.
2, 5
List the prime factors of -54*(-1)/(4/2).
3
Let s(p) = 5 + p - 2 - p - p. List the prime factors of s(-12).
3, 5
What are the prime factors of (3 + -15)*30/(-9)?
2, 5
Suppose 107 = 4*r + 3. List the prime factors of r.
2, 13
Let i(c) = 7*c**3 - 7*c**2 - 3*c + 5. Let y(a) = -a**3 - a. Let q(j) = -i(j) - 6*y(j). What are the prime factors of q(8)?
3
Let o(g) = g**3 - 5*g**2 - 3*g - 6. Let z be ((-6)/(-12))/((-1)/(-12)). What are the prime factors of o(z)?
2, 3
Let b = 10 + -5. Let t = -5 + b. Suppose -5*d + 3*s + 102 = t, -13 - 7 = -2*d - 4*s. What are the prime factors of d?
2, 3
Let d be ((2 + 12)*1)/1. Suppose 2*h - d = -0*h. What are the prime factors of h?
7
Suppose -4*b + 3*h + h + 32 = 0, -5*h = 4*b - 77. List the prime factors of b.
13
Suppose 4*g = -y - 11, 10*g = 5*y + 5*g - 45. Suppose -4*b = d - 68, 0 = -5*b - 4*d + y*d + 85. List the prime factors of b.
17
What are the prime factors of 3/3 + 0 + 38 + 1?
2, 5
Let g(n) be the second derivative of 7*n**3/6 + n**2/2 + 3*n. What are the prime factors of g(2)?
3, 5
Let o(m) be the first derivative of 3*m**2/2 + 2*m - 2. Let q be o(-2). Let i = q + 9. What are the prime factors of i?
5
Suppose 27 = 5*j + n, 0 = j - 3*n + 6*n + 3. Let q = j + -3. List the prime factors of q.
3
Suppose -4*z + 3*j + 20 = -5*z, j - 54 = 4*z. Let y = 6 - z. What are the prime factors of y?
2, 5
Let s(r) = 15*r**2 + 3*r - 3. List the prime factors of s(-4).
3, 5
Suppose -28 = 9*m - 7*m. List the prime factors of (-4)/(-14) - 178/m.
13
Let t be -3*(-1 + 0)/(-1). Let q = 6 + t. Suppose 0*g - 4*g + 38 = 3*z, -q*z + g = -13. List the prime factors of z.
2, 3
Suppose -5*g - 20 = 0, 2*d + 0*g = g + 4. Suppose -2*q + 31 = u - 4, -2*q + 4 = d. What are the prime factors of u?
31
Let u = 277 - 137. What are the prime factors of u?
2, 5, 7
Let i(j) = -j**3 - 5*j**2 + 4. Let b be i(-5). Let w(g) = -g**3 + 4*g**2 + 4*g. Let o be w(b). Suppose -34 = -5*n + o. List the prime factors of n.
2, 5
Suppose 2*x - 6*x + 112 = 0. List the prime factors of x.
2, 7
Suppose 16 = -0*h + 4*h. Suppose -75 = -h*o - o. List the prime factors of o.
3, 5
Let b(q) = q**2 - 2*q + 2. Let l = -2 - -4. Let w be l - (-4 + 3/1). List the prime factors of b(w).
5
Let x(s) be the first derivative of s**4/8 + s**3/2 - s**2 + 2. Let c(m) be the second derivative of x(m). List the prime factors of c(3).
2, 3
Let t(b) = -2*b + 9. Let d be t(8). Let f = -11 - d. What are the prime factors of (f + 2 + -1)/(-1)?
3
Let n = -16 + 33. List the prime factors of n.
17
Let v(b) = -15*b + 1. Let u(a) = -45*a + 3. Let j(g) = -4*u(g) + 11*v(g). What are the prime factors of j(1)?
2, 7
Suppose -19 = -o + 9. Let z = o - 13. List the prime factors of z.
3, 5
Suppose 4*g = -t + 2*t + 27, -2*g + 11 = -3*t. Let y be 2 + (-3 - 0/3). Let h = g - y. What are the prime factors of h?
2
Suppose -3*r - 3*l = -5*r + 83, 5*r - l = 227. What are the prime factors of r?
2, 23
Let l(h) = h**3 - 11*h**2 + 11*h + 14. What are the prime factors of l(10)?
2, 3
Let d(g) = g**3 - 9*g**2 - 9*g - 1. Suppose 5*f - 39 = 11. What are the prime factors of d(f)?
3
Let n be 0 + 6/4*-2. Let g be (4/1)/(4 + -2). Let j = g - n. What are the prime factors of j?
5
Suppose 5*m = v, -5*m - 15 = -3*v - 5. Suppose v*i - 6 - 59 = 0. What are the prime factors of i?
13
Let c(d) = d**2 + 3*d. Let z be c(-4). Suppose -n + z*n = 24. List the prime factors of n.
2
Let c(f) = -f + 5. Let n be c(10). Let w be -26*((-2 - n) + 1). List the prime factors of (1/2)/((-4)/w).
13
Let l(i) = 5 - 4 + 2*i**2 - 4 + 5. List the prime factors of l(-2).
2, 5
Suppose -3*k - q = -0*k - 20, k - 5*q = 28. Suppose 0 = -6*v + 5*v + 36. Suppose 4*h + v = k*h. List the prime factors of h.
3
Let q(t) be the second derivative of -3/2*t**2 - 2*t - 5/6*t**3 + 0. What are the prime factors of q(-2)?
7
Let h = 54 + 52. What are the prime factors of h?
2, 53
Let j = 1 - 1. List the prime factors of (-1)/(j + 1/(-9)).
3
Let q be 5/2*12/(-15). Let c(y) = -y**3 + 3*y**2 - 2*y + 2. Let v be c(3). Let n = q - v. What are the prime factors of n?
2
Suppose -126*l = -130*l + 984. List the prime factors of l.
2, 3, 41
Let y be (-1)/(3 - 52/16). Suppose 4*w - 2*t - 5 = 3*t, 4*w = 4*t + 4. Suppose w = 4*j - 3*i - 35, -y*j + 0*i + 25 = -i. What are the prime factors of j?
5
Let o = 89 + -39. What are the prime factors of o?
2, 5
Let s be (-3 - -1)/2*-41. Let m = -23 + s. Suppose 0 = 2*x - m - 0. List the prime factors of x.
3
Suppose -4*q - j = -255, 5*q - 2*q - 192 = -j. List the prime factors of q.
3, 7
Let p(o) = -o - 7. Let i be p(-3). Let s = -4 - i. Let y = 10 - s. List the prime factors of y.
2, 5
Let k(x) = -x**2 - 4*x + 5. Let y be k(-4). Suppose 0 = -y*m + 14 + 11. List the prime factors of m.
5
Suppose -8*z + 29 = -123. List the prime factors of z.
19
List the prime factors of (77/33)/(2/42).
7
Let u be (-3)/((-3)/(-10)) + 1. Let j(f) = f + 11. Let o be j(u). Suppose 4*t = 4*r + 36, -4*r + 32 = o*t + r. List the prime factors of t.
11
Suppose 0 = -2*y - f + 2, -3*f + 2*f - 10 = -2*y. Suppose 5 = -3*h + 4*w, -y*w - 2*w = 2*h - 35. What are the prime factors of h?
5
Suppose -d - 12 = 2*d. List the prime factors of 15/(-3)*d/10.
2
Let q(b) = b + 10. Let s be q(-5). Suppose 5*y + 55 = -s*a, -3*a - 2*y + 34 = -8*a. List the prime factors of ((-34)/a)/((-2)/(-8)).
17
Let y = -13 + 20. List the prime factors of y.
7
Let a = -23 + 11. What are the prime factors of ((-3)/2)/(2/a)?
3
Suppose -8 = -2*k + 3*s, 4*s = 3*k - 14 + 1. Let i = -3 - -7. Suppose 0 = 5*m - 2*c - 11, -i*c = -m + c - k. What are the prime factors of m?
3
Let o = 2 - 5. Let i be (o/4)/(1/(-44)). Let q = i - 17. List the prime factors of q.
2
Suppose 0 = 8*p - 4*p - 4*y, 0 = 3*p + 2*y. Let k = p - -3. What are the prime factors of k?
3
Suppose -3*j = -2*j + 8. Let i be 1/(-2 - (-7)/3). Let w = i - j. What are the prime factors of w?
11
Let j = 7 + -4. Suppose -2*r = -j*s + 73, 0 = 4*s - r - 3*r - 92. List the prime factors of s.
3
Suppose -4*g = -127 - 65. Suppose 0*n - 4*n = g. What are the prime factors of (-98)/(-8) + 3/n?
2, 3
Suppose 2*a + 5*n - 285 = 0, 3*a - 4*n - 27 = 412. List the prime factors of a.
5, 29
Let k be 1/3 - (212/(-12) + 0). Suppose 0 = 3*d - 5*m - 0*m - 19, 2*d - 5*m - 16 = 0. Suppose -j = -k - d. What are the prime factors of j?
3, 7
Suppose 0 = -5*z + 18 - 78. Let n = z - -22. List the prime factors of n.
2, 5
Let f be (-6)/(-4)*(-128)/(-3). Suppose -3*r + f = -5*t - 0*t, 5*r - 92 = t. Let m = 25 - r. List the prime factors of m.
7
List the prime factors of 2 + (0 + 0 - -38).
2, 5
List the prime factors of 60 + (2 + -8)/(-2).
3, 7
Let o(c) = -c + 3. Let x(t) = 7*t - 6. Let v(a) = a. Let l(m) = 5*v(m) - x(m). Let u be l(7). List the prime factors of o(u).
11
Let f(h) = -h + 26. What are the prime factors of f(8)?
2, 3
Suppose -60 = -17*y + 14*y. What are the prime factors of y?
2, 5
Suppose